the remainder when 5278213 is divided by 88?
61
Calculate the remainder when 2960664 is divided by 54827.
6
What is the remainder when 16626851 is divided by 3123?
3122
What is the remainder when 1336496 is divided by 204?
92
What is the remainder when 15854239 is divided by 3199?
3194
What is the remainder when 2409455 is divided by 404?
403
Calculate the remainder when 21040657 is divided by 17.
12
Calculate the remainder when 2562414 is divided by 559.
517
Calculate the remainder when 82668993 is divided by 207711.
15
What is the remainder when 78006 is divided by 2783?
82
Calculate the remainder when 22780661 is divided by 225551.
10
What is the remainder when 51228 is divided by 44689?
6539
Calculate the remainder when 239837 is divided by 62.
21
Calculate the remainder when 165297087 is divided by 284.
283
What is the remainder when 1240031 is divided by 1552?
1535
What is the remainder when 48298 is divided by 2099?
21
Calculate the remainder when 6319329 is divided by 1307.
1291
What is the remainder when 40895 is divided by 1250?
895
What is the remainder when 2573681 is divided by 4240?
1
Calculate the remainder when 1034630 is divided by 46.
44
What is the remainder when 93946 is divided by 92236?
1710
What is the remainder when 9916493 is divided by 25?
18
What is the remainder when 44564 is divided by 13353?
4505
Calculate the remainder when 272670 is divided by 5661.
942
What is the remainder when 92743 is divided by 1620?
403
What is the remainder when 890640 is divided by 40474?
212
What is the remainder when 5520312 is divided by 1584?
72
What is the remainder when 307518838 is divided by 1480?
1478
Calculate the remainder when 2510594 is divided by 1034.
42
Calculate the remainder when 34035911 is divided by 2360.
2351
What is the remainder when 511306 is divided by 511300?
6
Calculate the remainder when 285574 is divided by 680.
654
Calculate the remainder when 58391 is divided by 2649.
113
What is the remainder when 772480 is divided by 102?
34
What is the remainder when 138428 is divided by 1108?
1036
What is the remainder when 14808329 is divided by 14?
11
Calculate the remainder when 45266724 is divided by 389.
350
Calculate the remainder when 72233696 is divided by 110.
106
What is the remainder when 21094696 is divided by 811334?
12
Calculate the remainder when 184693 is divided by 1490.
1423
Calculate the remainder when 95460427 is divided by 7.
6
What is the remainder when 42124790 is divided by 2504?
2502
Calculate the remainder when 566396 is divided by 356.
0
Calculate the remainder when 603881 is divided by 201242.
155
What is the remainder when 1675429 is divided by 14?
7
Calculate the remainder when 2438168 is divided by 523.
465
Calculate the remainder when 6539780 is divided by 1634941.
16
Calculate the remainder when 14481782 is divided by 649.
645
What is the remainder when 2222371 is divided by 246926?
37
What is the remainder when 51731 is divided by 623?
22
What is the remainder when 2945081 is divided by 1472506?
69
What is the remainder when 40726621 is divided by 346?
345
Calculate the remainder when 10247529 is divided by 5123754.
21
Calculate the remainder when 118271 is divided by 14775.
71
What is the remainder when 60778 is divided by 488?
266
What is the remainder when 555891 is divided by 7214?
413
What is the remainder when 12116946 is divided by 291?
288
What is the remainder when 298767650 is divided by 99589216?
2
Calculate the remainder when 352880 is divided by 193.
76
What is the remainder when 65332 is divided by 4318?
562
What is the remainder when 599792 is divided by 129?
71
What is the remainder when 17391501 is divided by 208?
205
What is the remainder when 553137 is divided by 1901?
1847
What is the remainder when 112365 is divided by 4126?
963
What is the remainder when 3438044 is divided by 34?
32
Calculate the remainder when 418764400 is divided by 1047.
1045
Calculate the remainder when 1253976 is divided by 243.
96
Calculate the remainder when 49202 is divided by 12270.
122
Calculate the remainder when 74163 is divided by 309.
3
Calculate the remainder when 142969020 is divided by 1161.
1158
Calculate the remainder when 16202137 is divided by 846.
391
What is the remainder when 10356370 is divided by 13?
11
Calculate the remainder when 744371 is divided by 125.
121
What is the remainder when 58032715 is divided by 244?
243
Calculate the remainder when 230927 is divided by 1282.
167
What is the remainder when 1958584 is divided by 809?
804
What is the remainder when 2095561 is divided by 209553?
31
What is the remainder when 203553 is divided by 1988?
777
What is the remainder when 68552994 is divided by 167?
162
Calculate the remainder when 9022684 is divided by 92.
60
What is the remainder when 10833758 is divided by 2276?
2274
What is the remainder when 121808 is divided by 7955?
2483
Calculate the remainder when 170958 is divided by 169388.
1570
Calculate the remainder when 32088526 is divided by 149946.
82
What is the remainder when 53302614 is divided by 1974170?
24
What is the remainder when 3589209 is divided by 223?
24
Calculate the remainder when 9774 is divided by 910.
674
What is the remainder when 12328648 is divided by 599?
30
What is the remainder when 1459265 is divided by 171?
122
What is the remainder when 4949199 is divided by 202?
199
Calculate the remainder when 664202 is divided by 221393.
23
Calculate the remainder when 913725 is divided by 17916.
9
Calculate the remainder when 72686 is divided by 249.
227
Calculate the remainder when 1756302 is divided by 117084.
42
Calculate the remainder when 97828246 is divided by 71.
44
What is the remainder when 297197 is divided by 27014?
43
What is the remainder when 13142032 is divided by 625810?
22
Calculate the remainder when 5628457 is divided by 1411.
1389
What is the remainder when 50735 is divided by 1035?
20
What is the remainder when 1867798 is divided by 622520?
238
Calculate the remainder when 35213 is divided by 3414.
1073
What is the remainder when 18416 is divided by 4603?
4
What is the remainder when 408259 is divided by 408002?
257
Calculate the remainder when 4973519 is divided by 40.
39
Calculate the remainder when 3630337 is divided by 213527.
378
What is the remainder when 75148241 is divided by 9?
5
Calculate the remainder when 36257 is divided by 1475.
857
What is the remainder when 341904 is divided by 1686?
1332
What is the remainder when 18438772 is divided by 579?
517
Calculate the remainder when 46388796 is divided by 2936.
2932
What is the remainder when 149731037 is divided by 32?
29
Calculate the remainder when 1663444 is divided by 64.
20
What is the remainder when 91926 is divided by 1998?
18
Calculate the remainder when 103314479 is divided by 257.
222
Calculate the remainder when 990754 is divided by 493844.
3066
What is the remainder when 577686 is divided by 1261?
148
What is the remainder when 89484 is divided by 2966?
504
Calculate the remainder when 178504 is divided by 58778.
2170
What is the remainder when 1633341 is divided by 50?
41
What is the remainder when 17541828 is divided by 890?
818
Calculate the remainder when 3558717 is divided by 80.
77
Calculate the remainder when 5515539 is divided by 1806.
15
Calculate the remainder when 2042397 is divided by 58354.
7
What is the remainder when 693190 is divided by 325?
290
Calculate the remainder when 116532 is divided by 4019.
4000
Calculate the remainder when 372156099 is divided by 149.
140
What is the remainder when 1395326 is divided by 1869?
1052
What is the remainder when 299976 is divided by 43?
8
What is the remainder when 389701 is divided by 403?
0
What is the remainder when 239266134 is divided by 4621?
4617
Calculate the remainder when 870750 is divided by 6.
0
Calculate the remainder when 16742807 is divided by 17.
0
What is the remainder when 370694 is divided by 2080?
454
What is the remainder when 351454 is divided by 21961?
78
Calculate the remainder when 8578464 is divided by 6176.
0
Calculate the remainder when 33811 is divided by 3226.
1551
Calculate the remainder when 37146029 is divided by 499.
469
What is the remainder when 38653056 is divided by 2433?
2418
Calculate the remainder when 9421603 